 Suppose 24 = j - 2*j. Let b = i - j. What is the units digit of b?
1
Let b(h) = 4*h**2 - h - 1. Let t(u) = u**2 - u + 1. Let j(d) = -b(d) + 5*t(d). Let p = 11 + -6. What is the units digit of j(p)?
1
Suppose -4*w = 10*w - 57652. What is the hundreds digit of w?
1
Suppose 29*h = 1709 + 5570. What is the hundreds digit of h?
2
Let q be 42/(-1) + 10/5. Suppose 5*i + 40 = -7*d + 3*d, -5*d + 40 = -5*i. Let a = i - q. What is the tens digit of a?
3
Let v = -308 - -1307. What is the units digit of v?
9
Let u be (-1 + -1)*(1 + 2). Let s(i) = -i**2 + 7*i + 12. Let j be s(9). What is the tens digit of ((-14)/u)/((-1)/j)?
1
Let y = -90 - -327. What is the units digit of y?
7
Suppose 3*h + 48 = 7*h. Let d be h*((-10)/6 + -1). What is the units digit of (1/(-2))/(2/d)?
8
Let o = 4110 + -2244. What is the units digit of o?
6
Let o = 7 - 11. Let s be (-4)/14 - o/14. Suppose -2*u - u + 3*h + 33 = s, -h - 37 = -3*u. What is the tens digit of u?
1
Suppose u = -0*u + 3. Suppose -5*t = -2*m - 1176, u*t - 787 = -m - 77. What is the units digit of t?
6
Let m(s) = -3*s**3 + s**2 + 4*s - 4. Let d(w) = -2*w + 38. Let h be d(21). What is the units digit of m(h)?
8
Let l = 214 + 68. What is the units digit of l?
2
Let q be (0 - 0)/(-8 - -5). Suppose k + q = 5. Suppose 0 = -0*r + r - k. What is the units digit of r?
5
Let u be ((-10)/6)/((-14)/(-252)). Let d be 1*-4*u/12. Suppose 2*i - d = i. What is the units digit of i?
0
Let l(u) = 13*u**2 + 3*u + 23. What is the hundreds digit of l(-11)?
5
Let t(y) = 4*y**2 - 16*y - 2. What is the tens digit of t(-7)?
0
Suppose -440 = -7*j - 111. What is the units digit of j?
7
Suppose 4*l = l + 9. Suppose l*s = -s - 72. Let b = 35 + s. What is the tens digit of b?
1
Let y = -28 + 10. Let w = y - -21. Suppose -3*b - 51 = -3*l, w*b = -4*l + 56 - 2. What is the tens digit of l?
1
Let s(v) = v**2 - 11*v - 6. Let c be s(11). Let u(y) = y**2 - 5*y - 3. What is the tens digit of u(c)?
6
Let s be (-26)/(3 - 5)*-2. Let r = s - -58. Suppose w - 6*w = 4*c + 1, 0 = 4*w - 5*c - r. What is the units digit of w?
3
Let g(s) = s - 8. Let m(b) = -b**2 - 10*b. Let x be m(-7). What is the units digit of g(x)?
3
Suppose -15*b = -11*b - 60. What is the units digit of 1490/b - (3/(-9))/(-1)?
9
What is the hundreds digit of 5*(13 - 11) - -3448?
4
Let r(q) = -q - 5. Let y(m) = 3*m + 20. Let t(c) = -9*r(c) - 2*y(c). Let d = -5 - -9. What is the units digit of t(d)?
7
What is the tens digit of (420/48 - 1)/(1/4)?
3
Suppose -8*s + 5*s = 0. Suppose 5 = -s*i - i. What is the units digit of (-4 - i) + 1 + -1?
1
Let m(j) = j + 27. Let t be m(13). Suppose 11 = 2*f - k + 2, -t = -5*f - k. What is the units digit of f?
7
Let v(k) = -k**2 + 26*k + 29. Let q be v(20). Suppose -13 = -2*i - 5*r + 148, 2*i = -r + q. What is the units digit of i?
3
Let f(d) = d**3 - 13*d**2 + d - 13. Let q be f(13). Let r(l) = 2*l**2 + 225. What is the hundreds digit of r(q)?
2
Let a(z) = z - 1. Let n be a(3). Suppose l - n*l = 5. Let v = l - -24. What is the units digit of v?
9
Let i be 1/(-2) - 10/(180/27). Let q(w) = -86*w - 12. What is the tens digit of q(i)?
6
Suppose -4*z + 2648 = 4*c, z - 6*c + 8*c = 659. What is the hundreds digit of z?
6
Suppose 8*g - 13*g = 5*z - 9515, -g + 3805 = 2*z. What is the thousands digit of z?
1
Let i be 998/(-7) + (-36)/(-63). Let l = -101 - i. What is the tens digit of l?
4
Let b(v) = -v - 7. Let h be b(-5). Let j be ((-11)/(-33))/(h/(-294)). Suppose -u - 71 = -3*d - 2*u, u = 2*d - j. What is the units digit of d?
4
Let v(u) = 8*u**3 - 2*u**2 + 2*u - 3. Let w be v(2). Let a = -16 - -19. Suppose w = a*g - 0*g. What is the units digit of g?
9
Suppose -28*p = -60*p + 75104. What is the thousands digit of p?
2
What is the hundreds digit of 2182 + (-23)/((-184)/(-32))?
1
Suppose -l - 5*o + 22 = 0, 5*l - 3*o - 32 = -2*o. Suppose -9*d = -l*d - 8. Suppose d*b - 2*r - 193 = r, 2*b + 4*r = 80. What is the tens digit of b?
4
Let x be (15 - 13)/((-2)/(-4)). Suppose 5*g + c - 43 = x*g, 0 = -5*g - c + 223. What is the units digit of g?
5
What is the tens digit of -1 - -332 - (16 - 12)?
2
Let l = 1285 + -671. What is the units digit of l?
4
Suppose 0 = i - 4*c + 1 + 12, -4*c + 10 = -2*i. Suppose -6 = -i*q + q. Suppose -4*h - 4*w + 127 = -9*w, -q*h + 2*w + 97 = 0. What is the tens digit of h?
3
Suppose 2*i = -3*r - 41, -2*i - 4*r - 39 = r. Let k = i + 68. What is the units digit of k?
6
Let x = -61 - -68. What is the tens digit of (-21)/49 + ((-2980)/x)/(-4)?
0
Suppose -z - u - 2*u + 100 = 0, 4*z = -3*u + 364. Let x = 3 + z. What is the tens digit of x?
9
Suppose 4*k - 5 - 11 = -4*p, 5*p = -2*k - 4. Suppose -y = -k*y - 588. Let n = -11 - y. What is the tens digit of n?
7
Let r(b) = -b**2 - 4*b + 10. Let j be r(-6). Let v(i) = -9*i**3 + i**2 - 4*i - 4. What is the units digit of v(j)?
0
What is the tens digit of 70/(-14)*((-1468)/10 + 0)?
3
Let b(x) = -x**2 + 10*x - 12. Let f be b(8). Suppose 2*n - 4 = f*n. What is the units digit of -4*n/(8/15)?
5
Let i = -8 - -120. Suppose x + 40 - i = 0. What is the units digit of x?
2
Suppose 5*m - 59 = -3*r, -3*m - r + 53 = 2*m. Suppose -m*s - 113 = -11*s. Let i = -77 + s. What is the tens digit of i?
3
Suppose 0 = -124*a + 138*a - 27230. What is the hundreds digit of a?
9
Suppose -2*n + 2666 = -5*y, 2*n + 28*y = 27*y + 2666. What is the thousands digit of n?
1
Suppose 0 = 5*d - 7877 - 12053. What is the units digit of d?
6
Suppose -5*z - 5322 = -4*m - 7*z, -z = 3*m - 3992. What is the units digit of m?
1
Suppose 0 = 5*b - 11 - 14. Suppose -v + 3*w + 3 = 0, -w + 30 = -3*v - b*w. What is the units digit of (1 - 7)*3/v?
3
Let y = 1162 + -671. What is the tens digit of y?
9
Let i(k) = 3*k + 4. Let j be i(-7). Let z(t) = -t + 5. Let u be z(j). Let c = 27 - u. What is the units digit of c?
5
Let t = -648 - -1396. What is the units digit of t?
8
Suppose -2 = 2*q + 3*j + 15, -q + 3*j - 4 = 0. What is the tens digit of ((-45)/(q - -4))/((-2)/(-12))?
9
Let w(n) = -4*n + 70. What is the tens digit of w(3)?
5
What is the thousands digit of ((-150)/30)/(2/(-620))?
1
Let n = 6 + -4. Let u be 1/n*(-3 - -3). Suppose 3 = l - u. What is the units digit of l?
3
Let q(t) = -73*t - 11. Let p(i) = -3*i - 24. Let o be p(-7). What is the tens digit of q(o)?
0
Suppose 4*b + p + 238 = 0, 5*p - 68 = b + p. What is the tens digit of 63/12*b/(-9)?
3
Suppose -17*t = -2*t - 30. What is the units digit of t/(-15) - (0 - (-11948)/(-60))?
9
Suppose -3*z - 3 = -6*z. What is the tens digit of 22/(2 - z)*(-45 - -47)?
4
Let s = 114 + -113. Suppose -f - s = -6. What is the units digit of f?
5
Let i = 621 + -327. Let c = -149 + i. What is the tens digit of c?
4
What is the tens digit of (-4 - -1)/(3251/271 + -12)?
1
Let d = 51 + 6. Suppose 5*w - d = 8. What is the tens digit of w?
1
Suppose 3*o - 6 = -2*u, o = -u - 2*u + 2. Let i(l) = 2*l + l - 2 - 4*l - 3*l + 2*l**o. What is the tens digit of i(4)?
1
Let h = 36 + -32. Suppose 4*x + 3*v = 127 + 48, 0 = h*x - 2*v - 150. What is the units digit of x?
0
Let z(g) = -g**2 - 14*g - 6. Suppose -10*q - q - 55 = 0. What is the units digit of z(q)?
9
Suppose 5*h - 181 - 144 = -4*o, 0 = o - 5. What is the tens digit of h?
6
Let b(d) = d**3 - d**2 + 5. Let z be b(0). Suppose -x = -o + z, o + 5*x - 5 = -0. Let l = o - -5. What is the tens digit of l?
1
Let o(n) = -5*n**3 - 5*n**2 + 7*n + 8. What is the units digit of o(-5)?
3
Let s(r) be the second derivative of -23*r**3/6 - 5*r**2 - r. Let l be s(-5). Suppose -4*q = -9*m + 4*m - 113, -3*m = 3*q - l. What is the tens digit of q?
3
What is the hundreds digit of (2366/39)/((2/30)/1)?
9
Let q = 1 - -1. Suppose d = q*d - 56. Suppose 5*m + 1 - d = 0. What is the tens digit of m?
1
Suppose 0 = -3*i + 7*i - 4012. What is the hundreds digit of i?
0
Let t = 1086 + 667. What is the hundreds digit of t?
7
Suppose 0*c + 4*c = 1548. Suppose -c = -3*n + 3*l, 2*l - 387 = -2*n - n. What is the tens digit of n?
2
Suppose 19*t - 12729 = 1730. What is the hundreds digit of t?
7
Let x(k) = k**3 - 8*k**2 - 18*k + 30. What is the hundreds digit of x(12)?
3
Let u be 20/6*(4 - 16). What is the hundreds digit of (u + 65)*(1 + 6/1)?
1
Let n(j) = -11*j - 1. Let w(s) = 21*s + 2. Let d(a) = -11*n(a) - 6*w(a). Suppose -o - 4 + 1 = 0. What is the tens digit of d(o)?
1
Let t be 13/(124/32 + -4). What is the